llions digit of 90397314?
0
What is the thousands digit of 440021525?
1
What is the hundred thousands digit of 34557669?
5
What is the millions digit of 221947590?
1
What is the hundreds digit of 217097582?
5
What is the units digit of 5311139?
9
What is the hundreds digit of 6494865758?
7
What is the units digit of 477598174?
4
What is the millions digit of 43186373?
3
What is the billions digit of 1111026677?
1
What is the millions digit of 96530718?
6
What is the tens digit of 1484583172?
7
What is the tens digit of 780182034?
3
What is the thousands digit of 423424925?
4
What is the millions digit of 105406406?
5
What is the thousands digit of 3338456108?
6
What is the ten thousands digit of 60380644?
8
What is the tens digit of 526137227?
2
What is the hundred thousands digit of 49314063?
3
What is the units digit of 387926135?
5
What is the tens digit of 2313154531?
3
What is the ten thousands digit of 303066921?
6
What is the tens digit of 9115596472?
7
What is the thousands digit of 622795096?
5
What is the thousands digit of 1360705696?
5
What is the billions digit of 1205476951?
1
What is the ten thousands digit of 1667146?
6
What is the ten thousands digit of 41153431?
5
What is the ten thousands digit of 1255697483?
9
What is the billions digit of 3290114076?
3
What is the millions digit of 85715501?
5
What is the ten millions digit of 547224017?
4
What is the hundreds digit of 39436161?
1
What is the tens digit of 856089146?
4
What is the units digit of 719054032?
2
What is the units digit of 40776512?
2
What is the ten thousands digit of 3516720112?
2
What is the thousands digit of 5269833769?
3
What is the thousands digit of 2596165909?
5
What is the tens digit of 26537499?
9
What is the ten millions digit of 170317749?
7
What is the ten thousands digit of 616554233?
5
What is the thousands digit of 1890796464?
6
What is the millions digit of 20556176?
0
What is the hundred thousands digit of 920951044?
9
What is the hundred thousands digit of 769320541?
3
What is the millions digit of 2323036458?
3
What is the ten thousands digit of 135609371?
0
What is the hundred millions digit of 1144251292?
1
What is the ten thousands digit of 3351461214?
6
What is the millions digit of 51279362?
1
What is the hundred thousands digit of 491631559?
6
What is the tens digit of 1079556627?
2
What is the hundred thousands digit of 49174145?
1
What is the hundred thousands digit of 796336054?
3
What is the ten thousands digit of 603860069?
6
What is the thousands digit of 81287138?
7
What is the hundred thousands digit of 38249470?
2
What is the units digit of 1548398948?
8
What is the hundred thousands digit of 150173482?
1
What is the hundred millions digit of 7511962352?
5
What is the thousands digit of 1323022191?
2
What is the hundred millions digit of 5433879882?
4
What is the hundred millions digit of 586942858?
5
What is the ten thousands digit of 67055070?
5
What is the hundreds digit of 91280033?
0
What is the ten thousands digit of 342932002?
3
What is the hundred thousands digit of 834164830?
1
What is the ten thousands digit of 352362406?
6
What is the units digit of 584952?
2
What is the ten thousands digit of 265854705?
5
What is the hundreds digit of 49327372?
3
What is the hundred thousands digit of 800007095?
0
What is the tens digit of 863388482?
8
What is the units digit of 315690782?
2
What is the thousands digit of 854804990?
4
What is the millions digit of 24103436?
4
What is the billions digit of 3846422365?
3
What is the ten millions digit of 78505130?
7
What is the thousands digit of 4807790364?
0
What is the hundred thousands digit of 18268784?
2
What is the hundred millions digit of 2982830167?
9
What is the units digit of 42176281?
1
What is the hundred thousands digit of 529433090?
4
What is the thousands digit of 48671377?
1
What is the hundreds digit of 422801368?
3
What is the ten thousands digit of 39154926?
5
What is the hundred millions digit of 320813816?
3
What is the hundred thousands digit of 533305059?
3
What is the hundred thousands digit of 5704993772?
9
What is the hundred thousands digit of 1283020521?
0
What is the units digit of 82641237?
7
What is the millions digit of 43880498?
3
What is the ten thousands digit of 907426054?
2
What is the hundreds digit of 2282060?
0
What is the hundred millions digit of 169764570?
1
What is the thousands digit of 633671753?
1
What is the ten thousands digit of 446895459?
9
What is the thousands digit of 61831022?
1
What is the hundreds digit of 1712524118?
1
What is the ten thousands digit of 108541669?
4
What is the units digit of 3088581266?
6
What is the ten thousands digit of 944972727?
7
What is the ten millions digit of 3301626649?
0
What is the ten thousands digit of 1735336062?
3
What is the ten thousands digit of 78692509?
9
What is the billions digit of 2601303304?
2
What is the millions digit of 49729775?
9
What is the hundred millions digit of 120190799?
1
What is the millions digit of 524867534?
4
What is the ten thousands digit of 109077748?
7
What is the hundred millions digit of 2754846890?
7
What is the thousands digit of 211588928?
8
What is the ten millions digit of 593326641?
9
What is the tens digit of 470500717?
1
What is the millions digit of 2395187675?
5
What is the units digit of 79351536?
6
What is the units digit of 574677610?
0
What is the tens digit of 580089021?
2
What is the ten millions digit of 72944291?
7
What is the hundred thousands digit of 2282980077?
9
What is the units digit of 424779158?
8
What is the hundreds digit of 836506732?
7
What is the tens digit of 30068767?
6
What is the tens digit of 26429129?
2
What is the hundred thousands digit of 58277172?
2
What is the hundreds digit of 2908262876?
8
What is the hundred thousands digit of 28873842?
8
What is the billions digit of 2643960770?
2
What is the units digit of 114432204?
4
What is the thousands digit of 10893451?
3
What is the tens digit of 1263633596?
9
What is the hundreds digit of 29509430?
4
What is the units digit of 29799479?
9
What is the thousands digit of 85830499?
0
What is the millions digit of 2488146206?
8
What is the ten millions digit of 2743671342?
4
What is the ten millions digit of 575346151?
7
What is the hundred thousands digit of 4677453?
6
What is the ten thousands digit of 39744152?
4
What is the hundreds digit of 134679598?
5
What is the hundred thousands digit of 231892146?
8
What is the hundreds digit of 6113007?
0
What is the ten thousands digit of 100338243?
3
What is the tens digit of 651576916?
1
What is the hundred millions digit of 629909964?
6
What is the thousands digit of 11238607?
8
What is the billions digit of 5656143490?
5
What is the hundreds digit of 165988013?
0
What is the ten thousands digit of 73603342?
0
What is the tens digit of 592494368?
6
What is the hundreds digit of 63808065?
0
What is the hundreds digit of 246048652?
6
What is the hundreds digit of 250008?
0
What is the tens digit of 1647843?
4
What is the hundreds digit of 150763123?
1
What is the tens digit of 99946024?
2
What is the hundred thousands digit of 581359117?
3
What is the millions digit of 234432807?
4
What is the hundred thousands digit of 1302049637?
0
What is the ten millions digit of 434880011?
3
What is the thousands digit of 102898657?
8
What is the hundred thousands digit of 2889457057?
4
What is the tens digit of 26096805?
0
What is the ten millions digit of 420139714?
2
What is the ten thousands digit of 47854638?
5
What is the tens digit of 417767906?
0
What is the ten millions digit of 450686143?
5
What is the thousands digit of 221008828?
8
What is the billions digit of 6066762425?
6
What is the hundreds digit of 270493220?
2
What is the thousands digit of 45720692?
0
What is the units digit of 417832866?
6
What is the ten millions digit of 427876404?
2
What is the ten thousands digit of 184632998?
3
What is the ten thousands digit of 1291537300?
3
What is the ten millions digit of 6487226643?
8
What is the ten thousands digit of 1321471080?
7
What is the hundreds digit of 1899770736?
7
What is the millions digit of 685800134?
5
What is the hundred millions digit of 305250650?
3
What is the millions digit of 158167890?
8
What is 